be (1/(-3))/((-1)/1815). Suppose 4*z - 189 + q = 0. Let j = -50 - z. Calculate the greatest common factor of j and 9.
9
Let h(f) = f**3 - 5*f**2 + 5*f + 4. Let r be h(4). Suppose 5*u = r - 133. Let v = u - -38. What is the highest common divisor of v and 78?
13
Let r(d) = 2*d**2 - 2*d + 1. Let i be r(1). Suppose -20 - 55 = -j. Let u = -73 + j. What is the greatest common factor of i and u?
1
Let y(i) = i**3 - 6*i**2. Suppose 0 = 2*h + t - 7, -2*h + h + 11 = -t. Let c be y(h). Suppose -2*q + c*q = -58. Calculate the highest common factor of q and 29.
29
Let m = -254 - -255. Calculate the highest common factor of 1 and m.
1
Suppose 0 = 4*h - 3*h - 66. Let x = h - 27. What is the greatest common divisor of 195 and x?
39
Let f be 1122/11 + 8/(-2). Let m = f - 74. Calculate the greatest common factor of 6 and m.
6
Let y(r) = -r**3 + 22*r + 7*r**2 - 20 + 20*r - 30*r. Let u be y(8). Calculate the highest common factor of 48 and u.
12
Suppose 0 = -12*s + 10*s + 8. Suppose -16 - 16 = -s*h. Suppose -82 = -r + 6. What is the greatest common divisor of h and r?
8
Let g = 24 + -8. Suppose -4377*n = -4385*n + 1408. What is the highest common divisor of n and g?
16
Suppose 8*r - 3*r - 10 = 0. Let l(i) = -2 + 5*i**r + i - i**3 + 5 - i. Let w be l(5). What is the greatest common factor of w and 15?
3
Let k be 2/(-3) + ((-624)/(-18) - -12). Calculate the greatest common factor of 322 and k.
46
Let d(c) = 7*c**2 + 7*c - 42. Let p be d(-7). Calculate the greatest common factor of 72 and p.
36
Let m = -130 + 81. Let t = -28 - m. Calculate the greatest common factor of t and 84.
21
Let a(v) = -2 - 4*v + 3*v - 4. Let p be a(-11). Suppose -5*k + 7 = -f, -p*k = 5*f - 70 - 15. What is the highest common factor of f and 117?
13
Suppose 0 = j - 6*j + 365. Let h = j + -10. Calculate the greatest common factor of h and 9.
9
Let s = -60 + 72. Let z(y) = y**3 + 6*y**2 - 5*y + 10. Let r be z(-7). Let h = r - -12. Calculate the greatest common divisor of s and h.
4
Suppose -964 = -2*i - 96. What is the greatest common factor of 14 and i?
14
Suppose 7 + 13 = 4*q, -4*p + 5*q = -21691. Calculate the highest common divisor of 61 and p.
61
Suppose 82*r - 3501 = 4371. Calculate the highest common divisor of 2592 and r.
96
Suppose -4*x - 11*r + 138 = -14*r, 5*x = 5*r + 170. What is the highest common factor of x and 804?
12
Let n be 4/(((-6)/135)/((-1)/5)). What is the highest common factor of 540 and n?
18
Let g(x) = -x**3 - 9*x**2 - 4*x + 1. Let j be g(-9). Let b = 70 - j. Suppose 0 = -7*w + 2*w + 3*m + 116, 2 = -m. What is the highest common divisor of b and w?
11
Let y be -9*2/3 + 72. Calculate the highest common factor of 165 and y.
33
Suppose 0 = -14*y + 9*y + 195. What is the highest common factor of 1131 and y?
39
Suppose 218 = 9*v + 92. Calculate the greatest common factor of v and 504.
14
Suppose -5*a + 75 = -5. Suppose d - 245 = -4*g, 3*g + 2*g - 307 = -2*d. Let n = g + 3. What is the greatest common divisor of a and n?
16
Suppose d = -4*d, 35 = -5*t + d. Let q be (2/t - 25/35)*-28. Calculate the highest common factor of 7 and q.
7
Suppose -2*z + 5*s + 67 = 27, s + 48 = 2*z. Let i = -5403 - -5418. Calculate the highest common factor of z and i.
5
Let x be (-3 - 0)/(-2 - -3). Let s be -22*(0 + -1)/(x/(-6)). Calculate the greatest common factor of 55 and s.
11
Let z(b) = -b**3 + 19*b**2 - 12*b + 288. Let n be z(19). What is the highest common factor of 1380 and n?
60
Let j be 29 + (-16 - (12 + -23)). Calculate the highest common factor of j and 544.
8
Let q(r) = -r**3 + 6*r + 5*r**3 + r**3 + 12*r**2 - 30 - 4*r**3. Let p be q(-11). Calculate the greatest common factor of p and 10.
5
Let j = 7 - -56. Let r = -46 + 81. Suppose -5*s + 0*s + r = 0. What is the greatest common factor of j and s?
7
Let u(z) = -z**2 + 12*z + 18. Let s be u(13). Suppose 0 = -i - 4*k + 63, -2*i = -0*i - 2*k - 106. What is the greatest common divisor of s and i?
5
Let i = 926 + -871. Calculate the highest common factor of i and 319.
11
Let m(x) = x**3 - 9*x**2 + 10*x + 4. Let j be m(7). Let d be (-392)/(-6) + j/18. What is the highest common factor of d and 16?
16
Let x = -4 + 27. Let c = 34 - x. Calculate the greatest common factor of c and 1.
1
Let o(q) = 6 + q + 16 + 6 - 2*q. Let x be o(-12). What is the highest common divisor of x and 360?
40
Let g be 1/(-2) + (-5943)/(-6). Suppose -3*i + 624 = 3*h, -4*h + g = h - 5*i. What is the greatest common divisor of h and 29?
29
Let u be ((-68)/5)/(3/(-30)). Suppose 23*y = 39*y - 64. Suppose -q + 90 = 4*q - j, -q - 3 = y*j. What is the highest common factor of q and u?
17
Suppose 2*l - 18 - 136 = 0. Let r(k) = 21*k**2 + k. Let t be r(1). Calculate the greatest common divisor of t and l.
11
Suppose 1518*v + 1386 = 1529*v. Calculate the greatest common divisor of 90 and v.
18
Let a(o) = 8*o**2 + 2*o - 1. Let f be a(1). Calculate the highest common factor of 27 and f.
9
Let g(p) = 4*p**3 - p**2 + 2. Let d be -4 - ((-3)/(-3) + -13). Let r = d + -6. Let b be g(r). What is the greatest common factor of b and 150?
30
Let o be (-5 + -2)/((-7)/(-14)). Let u = 18 + o. Calculate the highest common factor of 8 and u.
4
Let d = -90 - -120. Suppose 2*u + 2*u - 180 = 0. What is the highest common factor of u and d?
15
Suppose -13*a = -10*a - 99. Calculate the greatest common divisor of a and 11.
11
Suppose 0*c + 176 = c. Let v be ((-8)/18)/(62/(-3069)). What is the greatest common divisor of v and c?
22
Suppose 0 = -2*z + p + 304, 2*z - z + 5*p - 174 = 0. Let m = -10 - -12. Suppose -m*h - 88 = -6*h. Calculate the highest common factor of z and h.
22
Suppose 0 = 3*p - 4*s + 19, p + 4*s + 38 = -s. Let r be (-6 + 2 - -3)*1*p. Let m be (-182)/4*-2*1. Calculate the greatest common factor of r and m.
13
Suppose i - 173 = -z, 3*i = 7*i + 3*z - 695. Let k = -21 - -59. Let s = -22 + k. Calculate the highest common factor of s and i.
16
Let m be ((-6)/(-27) + 7667/(-198))*-6. Calculate the highest common divisor of 21 and m.
21
Suppose 56 = 5*a + 11. Suppose -432 = -3*t + 5*v - 160, 5*v = -4*t + 421. Calculate the highest common divisor of t and a.
9
Let q(l) = 13 - 25*l + 30*l + 24. Let y be q(-5). Calculate the highest common divisor of 8 and y.
4
Let k(r) = -2*r**2 - 13*r + 11. Let y be k(-6). Let t = -24 + y. Let s be ((-2)/(-4))/(t/(-238)). Calculate the greatest common divisor of 51 and s.
17
Let b(w) = w + 11. Let g be b(-7). Suppose -16 - 4 = -g*m. Let u = 109 + -64. What is the greatest common divisor of u and m?
5
Suppose -4*p + 45 = -p. Suppose 3 = -v + p. Let x = -6 + 12. Calculate the greatest common divisor of v and x.
6
Suppose -n + 0*n = -3. Suppose -2*l + 322 = 3*h - 5*h, n*h = l - 153. What is the highest common factor of 15 and l?
15
Let k = 1708 + -140. Calculate the highest common divisor of k and 32.
32
Suppose -5*t = -5*s - 3600, 5*s = -t - 59 + 755. Let a be (-1)/(-4) - (-7 - t/16). Suppose 0*x - 52 = -4*x. Calculate the highest common divisor of a and x.
13
Suppose -5*h + 164 = 234. Let l be (-35)/h*344/10 - -2. What is the greatest common divisor of l and 11?
11
Suppose 0*v + 2 = v. Suppose 32 = -2*g + 2*f, -v*g + f + 3 = 36. Let y = 23 + g. Calculate the highest common factor of 18 and y.
6
Let b(c) = 14*c**3 - 4*c**2 + 2*c + 3. Let m be b(1). Let a = -116 - -206. What is the highest common divisor of a and m?
15
Suppose 8*f - 5*y + 196 = 12*f, -4*f = 4*y - 196. What is the greatest common factor of f and 63?
7
Suppose 0 = 5*o + 3 - 8. Let g be (-4 - -1)*1 + 0. Let j = 5 - g. Calculate the highest common factor of j and o.
1
Let j(a) = -8*a - 4. Let g be j(-1). Let l be 21/6 + (-3)/(-6). What is the highest common divisor of g and l?
4
Let q = 19 - 17. Suppose -3*z = -s + 4*s - 150, 0 = 4*s - q*z - 188. What is the highest common factor of 36 and s?
12
Let f be -3120 + (0/1 - 0). Let n be f/(-7) - 10/(-35). Let m be (-1)/(-2 - n/(-224)). What is the greatest common factor of m and 16?
16
Let h = 108 + -106. What is the highest common factor of 34 and h?
2
Let i(v) = 21*v + 15. Let n be i(13). What is the greatest common divisor of 9 and n?
9
Let u = 43 + -22. Let f be (u/3 + -13)*3/(-2). Calculate the highest common factor of 9 and f.
9
Suppose -2*p + 112 = -4*b, 267 = 5*p + 5*b + 62. Let o = p - 35. Calculate the highest common factor of o and 11.
1